-1) - -1.
4
Let r be (5 + -2)/(-1) + 3. Suppose 2*m - 4*m + 108 = r. What is the remainder when m is divided by 19?
16
Let k = 14 + -5. Calculate the remainder when 46 is divided by ((-36)/10)/(k/(-30)).
10
Suppose 0 = 4*c + 2*v - 1042, -c - 5*v = -v - 271. What is the remainder when c is divided by 10?
9
Suppose -17*w + 22*w - 105 = 0. Calculate the remainder when 82 is divided by w.
19
Let c(n) = -3*n - 4. What is the remainder when 33 is divided by c(-7)?
16
Let i(o) = o + 26. Calculate the remainder when 36 is divided by i(-16).
6
Suppose 5*m - 27 = -4*n, m = -0*m + 5*n - 12. Suppose -m*x = -0*x - 18. Calculate the remainder when 46 is divided by (-2)/(-2) - (-138)/x.
22
Let b = 4 - 3. What is the remainder when (-10 + 1)/(-6*(-3)/(-6)) is divided by b?
0
Let y = -2 + 8. Let q be 374/y + 2/(-6). Suppose q = 5*x - 8. Calculate the remainder when 41 is divided by x.
13
Calculate the remainder when 15 is divided by -1*4*3/(-2).
3
Let b(y) = -8*y - 106. Calculate the remainder when b(-20) is divided by 28.
26
Let n = 11 - -4. Let l(i) = -7*i + 1. Calculate the remainder when n is divided by l(-1).
7
Let c(z) = -z**3 - 8*z**2 - 7*z + 7. Calculate the remainder when 23 is divided by c(-7).
2
What is the remainder when 267 is divided by (-1)/(16/(-20))*(28 - 4)?
27
Suppose 5*h + 0*a - 21 = 2*a, -10 = -5*a. Suppose -3*m + 70 = h*f, -5*f + 131 = 5*m + 31. Calculate the remainder when m is divided by 2/8 + (-62)/(-8).
7
Let x = 100 + -68. Calculate the remainder when x is divided by 9.
5
Let l(z) = -6 + 4*z + 3 + 4 - 5. What is the remainder when l(7) is divided by 4/(-14) + 93/7?
11
Let l = -20 + 20. Suppose -n - 2*n + 27 = l. What is the remainder when n is divided by 4?
1
Suppose -l = -2*w + 3*l + 64, -5*w + 2*l + 120 = 0. Let o(f) = -6*f - 12. What is the remainder when o(-9) is divided by w?
20
Let l(b) = b**2 - 8*b + 7. Let i be l(7). Suppose -4*t - 4*p + 6 + 2 = 0, i = -3*t + 5*p + 22. Calculate the remainder when t is divided by (-1 - -2)/(3/6).
0
Let m(w) = -w + 1. Let u be m(1). Suppose u = y + 5*c - 6, c + 1 = y - 5. Calculate the remainder when 9 is divided by y.
3
Suppose 0 = -2*d + d - 5. Let w(b) = -4*b - 5. Calculate the remainder when 43 is divided by w(d).
13
Let x be (5 + 0)*(-1 - 0). Let a(k) be the second derivative of -k**5/20 - k**4/2 - k**3 + 3*k**2/2 - 7*k. What is the remainder when 14 is divided by a(x)?
6
Let g(v) = 2*v**3 - 6*v**2 + 3*v + 10. What is the remainder when g(3) is divided by 13?
6
Suppose -2 = -3*f + 4*w, -4*w - 35 = f - 9. Let v = 8 + f. Suppose 5*q - 86 = -d, -53 + 21 = -2*q + v*d. What is the remainder when 32 is divided by q?
15
Let s = -4 + 11. Let f(v) = v + 3*v**2 - 7*v**3 - 4*v**2 - 3*v**2 + 6*v**3. What is the remainder when f(-5) is divided by s?
6
Suppose 4*y = -299 - 13. Calculate the remainder when (-2 + y/9)*-3 is divided by 11.
10
Let h = 110 + -103. Let z = 37 - 10. What is the remainder when z is divided by h?
6
Let n = 17 - 42. Let w = n - -53. Calculate the remainder when 81 is divided by w.
25
Suppose -35 = -3*k - 3*h + 1, -3*k + 4*h + 43 = 0. Let i = 0 + k. Calculate the remainder when 51 is divided by i.
12
Let k be (-64)/11 + (-4)/22. Let c = -7 - -9. Calculate the remainder when 8 is divided by c/(k/15)*-1.
3
Suppose f + 1 - 5 = 0. Calculate the remainder when 10 is divided by f.
2
Calculate the remainder when (-1 + 2)/((-2)/(-22)) is divided by 3.
2
Let p be -3 + 2 + -2 - -2. Calculate the remainder when 13 is divided by (p + -1)/((-2)/7).
6
Suppose l = -2*v - 0*v - 4, -4*l - 4 = 2*v. Suppose l = -x + 21 - 2. Calculate the remainder when 75 is divided by x.
18
Suppose 0 = p - 8*p + 273. Calculate the remainder when 76 is divided by p.
37
Let z = 28 - -15. Let t = 114 + -38. Calculate the remainder when z is divided by t/5 + 5/(-25).
13
Suppose 6*u = u + 20. Suppose -l = -s + 8, 8*s + u*l = 4*s + 48. What is the remainder when 28 is divided by s?
8
Let f(d) = 3*d - 13. Let m(g) = -g + 4. Let p(q) = 3*f(q) + 8*m(q). Calculate the remainder when p(10) is divided by 3.
0
Suppose -5*u = -5*t - 20, 25 = -5*u - 5*t + 5. Suppose -3 = 5*d - 6*d, u = -m - d + 13. What is the remainder when m is divided by 6?
4
Suppose 0 = -x - 4*q - 64, 0 = -0*x + 3*x + 3*q + 201. Let z = -48 - x. What is the remainder when 59 is divided by z?
19
What is the remainder when (11/(-22))/(2/(-112)) is divided by 10?
8
Suppose -36 = -3*v - 2*m - 8, -v + 18 = 5*m. Calculate the remainder when v is divided by 5.
3
Suppose 3*g - 72 = -0*g. Suppose -4*k = 2*y - g - 10, -k + 1 = -y. What is the remainder when 47 is divided by (15/9 - -1)*k?
15
Let n = 91 - -48. What is the remainder when n is divided by 47?
45
Let c = 9 + -4. Suppose -5*f - 4*g = -110, c*g = 2*f - 6*f + 88. What is the remainder when 64 is divided by f?
20
Suppose 15*k - 759 = 4*k. What is the remainder when k is divided by 12?
9
Let h = 28 - 27. What is the remainder when 3 is divided by h?
0
What is the remainder when 1135/45 + (-8)/36 is divided by 18?
7
Suppose 0 = -2*u - 5 - 43. Let t = u + 44. What is the remainder when t is divided by 11?
9
Let y be (-3)/3 + 6 + -1. Suppose -y*d + 86 = 2. Suppose 19 = 2*a + j, -4*a + 36 = j + 1. What is the remainder when d is divided by a?
5
Suppose -7 = -4*v + 113. What is the remainder when v is divided by 11?
8
Let o(m) = -56*m - 3. Let p be o(-3). What is the remainder when p/22*(-24)/(-5) is divided by 19?
17
Suppose -2 + 13 = -z. Let i = 27 + z. What is the remainder when 29 is divided by i?
13
Let o be (2 - -11) + (-4)/(-2). Let r = -10 + o. Calculate the remainder when (-186)/(-14) - (-2)/(-7) is divided by r.
3
Let y(s) = 5*s + 4. Let b = 2 + -2. Suppose -4*l + 4 = -2*n, b*l - 4*l + 28 = 4*n. Calculate the remainder when y(l) is divided by 10.
9
Let q(i) = -3*i + 5. Calculate the remainder when 56 is divided by q(-5).
16
Let f = -19 + 17. What is the remainder when 41 is divided by 11/(f/8*-2)?
19
Let y = 110 - 84. What is the remainder when y is divided by 14?
12
Let r(b) = b - 1. Let i be r(4). Suppose 0 = -2*x + x - 5*m - 12, 19 = i*x + 4*m. Let w(z) = -z**2 - 7*z - 3. What is the remainder when x is divided by w(-5)?
6
Let a(p) be the first derivative of 11*p**2/2 - 3*p + 1. What is the remainder when a(4) is divided by 21?
20
Let b = 40 + -28. Suppose 4*r - 34 = 54. Calculate the remainder when r is divided by b.
10
Suppose 5*d - d = -5*o + 103, -d = 2*o - 22. What is the remainder when 92 is divided by d?
28
Suppose 0 = -5*w + 4*y + 34, 5*y + 36 = 4*w + 4*y. Let o = 34 - 12. Suppose -3*p + o = -2*r, 4*p - 8 = r + 13. Calculate the remainder when w is divided by p.
2
Suppose 3*a = -5*l + 130, -l - 79 = -4*l - 2*a. Calculate the remainder when l is divided by 13.
10
Let n = 66 + -46. What is the remainder when 39 is divided by n?
19
Let h(f) = f**3 - 9*f**2 - 10*f - 3. Let m be h(10). Let y = 9 + m. What is the remainder when 9 is divided by y?
3
Suppose -3*y - 2 = -2*z - 5, z + y - 6 = 0. Let h = z - 2. Suppose -2*n = -7*n + 5*u + 25, -4*n - 12 = 4*u. Calculate the remainder when h is divided by n.
0
Let h be ((-6)/4)/((-4)/8). Let d(i) = -1 + 3 - 7*i**h - 2*i + 8*i**3. Calculate the remainder when 11 is divided by d(2).
5
Suppose -30 = 2*m - 4*m + 2*s, -5*s + 5 = -m. Calculate the remainder when 36 is divided by m.
16
Let h(o) = -o**2 + 6*o + 1. Let s be h(5). Let b be s + (1 - (1 - -1)). Suppose 0 = b*x - 52 - 58. Calculate the remainder when x is divided by 8.
6
Suppose 4*a = 2*i + 61 - 15, 2*a - 3*i = 21. Calculate the remainder when 34 is divided by a.
10
Let t be 0 + 5/(10/(-6)). Let v = t + 12. Suppose 24 = -2*h + 58. What is the remainder when h is divided by v?
8
Let l be (-16)/(-8) - 103/1. Suppose 4*w - 39 = w. Calculate the remainder when 2/(-8) + l/(-4) is divided by w.
12
Let d(p) = p**3 + 10*p**2 + 7*p - 11. Calculate the remainder when d(-9) is divided by 4.
3
Let a = 73 + 45. What is the remainder when a is divided by 30?
28
Let i(t) be the first derivative of t**4/4 + 10*t**3/3 + 5*t + 1. What is the remainder when 9 is divided by i(-10)?
4
Let h = 2 - 0. Suppose 35 = 2*n - 5*i - 0*i, n = h*i + 15. Let p(t) = 10*t**2 - 1. Calculate the remainder when p(-1) is divided by n.
4
Let u = 4 - -28. What is the remainder when u is divided by 9?
5
What is the remainder when (6/(-4))/(